 and i.
5
Let d = -21 + 24. What is the greatest common factor of d and 3?
3
Let w = -2 + 3. Let r(h) = -2*h**2 + 21*h - 20. Let l be r(9). Calculate the highest common divisor of w and l.
1
Let p be (1*0/3)/(-3). Suppose 15 = 2*s + s. Suppose -s*n + 150 = -p*n. Calculate the greatest common divisor of n and 45.
15
Let u(k) = -k - 1. Let b(a) = -a + 1. Let l(h) = 2*b(h) - u(h). Let q be l(-9). What is the highest common factor of q and 24?
12
Suppose 4*s + s = 10. What is the greatest common factor of 6 and s?
2
Let s(w) = w**2 + 2*w + 4. Let y be s(8). Calculate the highest common factor of y and 12.
12
Let m(h) = -2 + 2*h + 11*h - 3*h. Let d be m(11). What is the greatest common factor of 12 and d?
12
Let c(x) = -x**2 - x - 7. Let b(m) = -m. Let y(p) = b(p) - c(p). Let l be y(9). What is the highest common divisor of 8 and l?
8
Let r(z) = 7*z**3 + z - 1. Let g = 1 + 0. Let l be r(g). What is the greatest common factor of l and 56?
7
Suppose -15 = -3*g - 0*g. Let y(d) = d**2 - 2*d - 2. Let r be y(g). What is the highest common divisor of r and 39?
13
Let b(f) = 2*f - 3*f + 2 + 2*f. Let q be b(3). Let u(z) = -z**2 + 5*z + 1. Let y be u(q). What is the greatest common divisor of y and 11?
1
Let s be ((-3)/4)/(2/(-48)). Let y be -2 + 296/2 + -2. Calculate the greatest common divisor of y and s.
18
Let j(l) = 2*l**2 - 9*l + 28. Let p be j(16). What is the greatest common divisor of 36 and p?
36
Suppose -3 = 4*b + 5. Let j be (-8)/(-12)*(-36)/b. What is the greatest common divisor of 24 and j?
12
Let u = 74 - 44. What is the highest common factor of u and 12?
6
Let f be (-1)/((-888)/(-297) + -3). Calculate the greatest common factor of f and 33.
33
Let c = -29 - -43. Calculate the greatest common factor of c and 70.
14
Suppose -5 = 2*l - 45. Suppose -4*t = -v - 254 + 53, 51 = t - v. Calculate the highest common divisor of l and t.
10
Suppose 235 = -2*v + 1099. Suppose 0*k + v = 2*k. Calculate the greatest common factor of k and 24.
24
Suppose 0 = 2*v + 5*j - 305, -2*v = -7*v - 5*j + 800. Suppose 2*g - 29 = 1. Calculate the greatest common divisor of v and g.
15
Let f = 27 - 26. Let j = 8 + -14. Let l = -5 - j. What is the greatest common factor of f and l?
1
Suppose b = 4*k - 5*k + 90, -4*b + 342 = -5*k. What is the greatest common factor of b and 8?
8
Let n be -2 - (0 - (1 - 0)). Let h be -3 + n/(-1) + 21. Suppose 4*i + 123 = 2*m - 151, -3*m + 391 = 4*i. Calculate the greatest common divisor of h and m.
19
Let h be 5/((-15)/1242)*3/(-6). Calculate the highest common factor of h and 23.
23
Let s = 27 + -17. Let t be ((-216)/(-10))/((-3)/(-15)). Suppose -5*x + 0*k = k - 504, x = -2*k + t. Calculate the greatest common divisor of s and x.
10
Let b be (-3)/(0 - -3)*-4. Let z(v) = v**2. Let g be z(2). Calculate the highest common factor of g and b.
4
Suppose 3*d - 8 - 7 = 0. Calculate the greatest common factor of 1 and d.
1
Let m(q) = q**2 + 3. Let i be m(0). Suppose -i + 15 = w. What is the greatest common divisor of w and 96?
12
Suppose -5*x = u + 3, -2*u - x + 49 = -2*x. Let z(i) = -17*i + 3. Let n be z(-5). What is the highest common factor of u and n?
22
Let x(k) = k**2 + 10*k - 13. Let b be x(-11). Let g be b/9 - 76/(-18). Suppose -g*z + 40 = -0*z. What is the greatest common factor of 90 and z?
10
Suppose 4*t - 42 = 5*p, 3*t - 4*p - 28 = 4. Calculate the greatest common divisor of t and 32.
8
Let q = 93 + 126. Suppose -3*m + q = a, -5*m - 3*a + 369 = -0*a. What is the greatest common factor of 9 and m?
9
Let g(j) = -j**3 + 7*j**2 + 9*j + 10. Let q be g(8). Let v = 29 - q. What is the greatest common factor of v and 88?
11
Let b(i) be the first derivative of -i**3/3 - 9*i**2/2 - 6*i - 7. Let n be b(-7). What is the greatest common factor of n and 4?
4
Let x(o) be the first derivative of 9*o**4/4 + o**3/3 + 2*o + 2. Let c be x(2). What is the greatest common factor of c and 52?
26
Suppose 0 = -5*b + 45 + 280. Let a(o) = 9*o - 1. Let l be a(3). Calculate the highest common factor of l and b.
13
Let u be (-96)/2*(-3)/4. Let d(h) be the second derivative of -h**5/20 - h**4/12 + 6*h**2 + 3*h. Let c be d(0). What is the highest common factor of c and u?
12
Suppose -3*n + 4*v = 2*v - 28, -4*n + 4*v = -36. Let o(q) = q**3 - 15 + 10*q**2 + 0*q + n - q. Let h be o(-10). Calculate the highest common divisor of 1 and h.
1
Let j be 67/5 - 6/(-10). Let d be (-2)/j - 43/(-7). Suppose 0*z - d = -z. What is the greatest common factor of z and 3?
3
Let n = 27 + 38. Let k = -44 + 78. Let v = k + -21. Calculate the greatest common factor of v and n.
13
Suppose 3*u + 4*u - 98 = 0. What is the highest common factor of 112 and u?
14
Let l(r) = -r**3 - 15*r**2 + 16*r + 18. Let q = -41 - -25. Let j be l(q). Calculate the highest common divisor of 18 and j.
18
Let f(s) = -2*s**2 + 10*s + 3. Let n be f(8). Let g be 120/(-9)*n/12. What is the highest common divisor of g and 20?
10
Let a(t) = -3 + 4*t - 2*t**2 + 3*t**2 + 0*t. Let h = 55 - 60. Let w be a(h). Calculate the greatest common factor of 8 and w.
2
Let q(g) = 7*g - 107. Let z be q(17). Calculate the greatest common divisor of 444 and z.
12
Let z(f) = 2*f**2 + 2*f - 4. Let d be z(-3). Calculate the highest common divisor of d and 56.
8
Let l = 18 + -15. Calculate the greatest common divisor of l and 15.
3
Let j(o) = -o**3 - 4*o**2 - 2*o - 6. Let w be j(-4). Let g be (1 + w/(-2))/1. Suppose g*u + 51 = 3*u. Calculate the greatest common divisor of u and 68.
17
Suppose -1437 + 441 = -4*b. Suppose -x + 20 + 58 = 2*a, 3*x + a - b = 0. Suppose s - 2 = 10. What is the greatest common factor of s and x?
12
Suppose -314 - 211 = -5*k. Let g be (-2)/(-7) + (-116)/14. Let n = g + 23. Calculate the greatest common factor of k and n.
15
Let m = -1 + 2. Suppose m = 3*k - 41. Suppose 4*w + 5*h - 71 = 0, 3*h + 1 = 10. What is the greatest common factor of k and w?
14
Let d be (-1 - 219/(-7)) + 8/(-28). What is the highest common divisor of 15 and d?
15
Let t(n) = -3*n - 12. Let w be t(-5). Calculate the highest common factor of 1 and w.
1
Suppose 0*i + 3*i - 11 = -x, -4 = -2*i + x. Suppose i*m - 7*m + 4 = 0. What is the highest common factor of m and 5?
1
Suppose 12 = 5*k + 2. Suppose -25 = -z - k*z - 4*s, 0 = 2*z + 3*s - 17. What is the greatest common factor of z and 49?
7
Let z = 1 - 1. Suppose z = v - 0*v + 57. Let x = 105 + v. What is the greatest common divisor of x and 32?
16
Suppose 5*d = -j + 26, 5*d - 3*j - 50 = 2*j. Calculate the highest common factor of 48 and d.
6
Let s be (-5)/((-3 - -2) + 0). Let r be 15/(-6)*24/(-15). Suppose 5*j + 2*y = 73, j - r*y + 2*y = 17. Calculate the greatest common factor of j and s.
5
Let j = -271 - -281. Let q(u) = -111*u**3 - u**2. Let v be q(-1). What is the highest common divisor of j and v?
10
Let l(m) = 2*m. Let f be l(1). Let a = -12 + 19. Suppose -a*x + 135 = -f*x. What is the greatest common divisor of 297 and x?
27
Let b be (72/(-28))/(78/28 + -3). Calculate the highest common factor of 18 and b.
6
Suppose o + 4*k + 10 = -k, 2*o = -k + 25. Suppose -2*d - 3*q = -68, -5*d - 25 + 216 = -3*q. Suppose 3*w - 8 = d. What is the highest common factor of o and w?
15
Let c be (4/6)/((12/(-6))/(-36)). Calculate the highest common divisor of 132 and c.
12
Suppose j - 8 = -0*j. Calculate the greatest common divisor of j and 88.
8
Suppose -172 = -o - 37. Calculate the highest common divisor of 27 and o.
27
Let v be (2/(-1))/(5/20). Let y(g) = g**2 + 4*g - 8. Let s be y(v). Calculate the highest common factor of s and 36.
12
Let h = -4 + 6. Suppose -3*n - h = y, 4*y = -4*n - 0*n. Let u = 7 + n. Calculate the greatest common divisor of u and 42.
6
Suppose 11 - 35 = -3*k. Calculate the greatest common factor of k and 16.
8
Let m(f) = -18*f**2 + 2*f. Suppose r = 3*t - 0*t, 0 = -5*r + t - 14. Let z be m(r). Let d = z - -243. Calculate the highest common divisor of d and 30.
15
Let y(a) = a**3 + 9*a**2 - 19*a - 26. Let i be y(-10). Let q = -2 + 18. Calculate the highest common factor of i and q.
16
Suppose -144 = -5*x + 131. Let c = -55 - -60. Calculate the greatest common divisor of x and c.
5
Let k be 36*(21/6 + -3). Calculate the greatest common factor of k and 198.
18
Suppose 3*w = 4*p - 32, -2*w = 5 + 3. Suppose u - 12 - 16 = -p*k, k + 4*u - 17 = 0. Calculate the greatest common factor of 